{"id":1037,"date":"2021-03-22T11:48:43","date_gmt":"2021-03-22T11:48:43","guid":{"rendered":"https:\/\/ro.quantum-medical.eu\/?page_id=1037"},"modified":"2022-09-27T09:27:20","modified_gmt":"2022-09-27T09:27:20","slug":"phobia-therapy","status":"publish","type":"page","link":"https:\/\/ro.quantum-medical.eu\/index.php\/programs-for-the-eductor1-and-nucleus-devices\/phobia-therapy\/","title":{"rendered":"TERAPIA FOBIILOR"},"content":{"rendered":"<p>C\u00e2nd trebuie utilizat\u0103 terapia fobiilor? Modelele bioenergetice dintr-un sistem minte-corp-energie sunt considerate a fi \u00eempletite \u0219i interactive \u00een cadrul sistemului nostru minte-corp-energie, implic\u00e2nd o comunicare complex\u0103 prin procese neurobiologice, electrofiziologie \u00eenn\u0103scut\u0103, con\u0219tiin\u021b\u0103 psihoneuroimunologic\u0103 \u0219i modele cognitiv-comportamentale-emo\u021bionale. Scanarea \u0219i reglarea semnalelor electrice sau a c\u00e2mpurilor <strong>energetice<\/strong> cu<strong> ED.X<\/strong> \u0219i <strong>NUCLEUS<\/strong> recalific\u0103 creierul pentru a ajuta indivizii s\u0103 dep\u0103\u0219easc\u0103 \u0219i s\u0103 reprogrameze aceste tipare bio-energetice care afecteaz\u0103 s\u0103n\u0103tatea \u0219i bun\u0103starea.<\/p>\n\n\n\n<p>Aplica\u021bia special\u0103 \u0219i unic\u0103 de <strong><a href=\"https:\/\/www.verywellmind.com\/list-of-phobias-2795453\">fobie<\/a><\/strong> oferit\u0103 de <a href=\"https:\/\/ro.quantum-medical.eu\/index.php\/devices\/eductor1-quantum-biofeedback-system\/\"><strong>ED.X<\/strong><\/a> \u0219i <strong><a href=\"https:\/\/ro.quantum-medical.eu\/index.php\/devices\/nucleus-quantum-biofeedback-system\/\">NUCLEUS<\/a><\/strong> preia modele electrice de niveluri anormale de fric\u0103 \u0219i anxietate care duc la suferin\u021b\u0103 \u0219i disfunc\u021bii semnificative, limit\u00e2nd capacitatea unei persoane de succes \u0219i bucurie de via\u021b\u0103. Ne ofer\u0103 informa\u021bii valoroase despre cauza principal\u0103 \u0219i fobia specific\u0103 legat\u0103 de tulburarea \u0219i starea persoanelor.<\/p>\n\n\n\n<p>O fobie este o fric\u0103 persistent\u0103, excesiv\u0103, nerealist\u0103 fa\u021b\u0103 de un obiect, persoan\u0103, animal, activitate sau situa\u021bie. Este un tip de tulburare de anxietate care poate cre\u0219te riscul de boli psihiatrice, \u00een special alte tulbur\u0103ri de anxietate, depresie \u0219i abuz de substan\u021be.<\/p>\n\n\n\n<p>Simptomele pot include:<\/p>\n\n\n\n<ul class=\"wp-block-list\"><li><strong>Sentimente excesive, nerezonabile, persistente de fric\u0103 sau anxietate <\/strong>care sunt declan\u0219ate de un anumit obiect, activitate sau situa\u021bie.<\/li><li><strong>Sentimentele sunt fie ira\u021bionale, fie dispropor\u021bionate <\/strong>fa\u021b\u0103 de orice amenin\u021bare real\u0103. De exemplu, \u00een timp ce oricui \u00eei este fric\u0103 de un c\u00e2ine ne\u00eengr\u0103dit \u0219i amenin\u021b\u0103tor, majoritatea oamenilor nu fug de un animal calm \u0219i lini\u0219tit \u00een les\u0103.<\/li><li><strong>Evitarea obiectului, activit\u0103\u021bii sau situa\u021biei care declan\u0219eaz\u0103 fobia. <\/strong>Deoarece persoanele care au fobii recunosc c\u0103 temerile lor sunt exagerate, adesea le este ru\u0219ine sau jen\u0103 de simptomele lor. Pentru a preveni simptomele de anxietate sau jena, acestea evit\u0103 factorii declan\u0219atori ai fobiei.<\/li><li><strong>Simptome fizice legate de anxietate. <\/strong>Acestea pot include tremur\u0103turi, palpita\u021bii, transpira\u021bii, dificult\u0103\u021bi de respira\u021bie, ame\u021beli, grea\u021b\u0103 sau alte simptome care reflect\u0103 r\u0103spunsul \u201eluptei sau fugii\u201d al corpului la pericol (simptome ca acestea pot duce la diagnosticarea tulbur\u0103rii de panic\u0103)<\/li><\/ul>\n\n\n\n<p>Ceea ce ne dezv\u0103luie de fapt anxietatea este c\u0103 p\u0103r\u021bile creierului care controleaz\u0103 stresul \u0219i capacitatea ta de a r\u0103m\u00e2ne calm sunt dezechilibrate. Condi\u021biile de fobie \u00eencep de obicei la o v\u00e2rst\u0103 fraged\u0103 \u0219i, f\u0103r\u0103 un tratament adecvat, pot deveni cronice \u0219i debilitante \u0219i pot afecta traiectoria vie\u021bii unei persoane.<\/p>\n\n\n\n<p>Aplica\u021bia TERAPIA FOBIILOR este complet adaptat\u0103 fiec\u0103rei persoane unice, maximiz\u00e2nd astfel rezultatele \u00een cel mai scurt timp posibil. Prin antrenamentul special al undelor cerebrale \u0219i reducerea stresului, impactul negativ al acestei tulbur\u0103ri este semnificativ redus.<\/p>\n\n\n\n<p>Programul <strong>TERAPIA FOBIILOR<\/strong> este <strong>GRATUIT <\/strong>la achizi\u021bionarea unui dispozitiv <strong>NUCLEUS<\/strong> \u0219i poate fi achizi\u021bionat cu <strong>1500 euro<\/strong> pentru <strong>ED.X.<\/strong> Pentru achizi\u021bionarea acestui modul <a href=\"https:\/\/ro.quantum-medical.eu\/index.php\/contact\/\">contacta\u021bi-ne<\/a>.<\/p>\n\n<!--themify_builder_content-->\n<div id=\"themify_builder_content-1037\" data-postid=\"1037\" class=\"themify_builder_content themify_builder_content-1037 themify_builder tf_clear\">\n                    <div  data-lazy=\"1\" class=\"module_row themify_builder_row tb_wac766 tb_first tf_w\">\n                        <div class=\"row_inner col_align_top tb_col_count_1 tf_box tf_rel\">\n                        <div  data-lazy=\"1\" class=\"module_column tb-column col-full tb_z1pw68 first\">\n                    <!-- module buttons -->\n<div  class=\"module module-buttons tb_ymt968 buttons-horizontal solid  circle buttons-fullwidth hover-wow wow\" data-tf-animation_hover=\"pulse\" data-tf-animation=\"bounce\" data-tf-animation_delay=\"1\" data-lazy=\"1\">\n        <div class=\"module-buttons-item tf_in_flx\">\n                        <a href=\"https:\/\/ro.quantum-medical.eu\/index.php\/contact\/\" class=\"ui builder_button tf_in_flx black\" >\n                                                CUMP\u0102R\u0102 ACUM                                        <\/a>\n                <\/div>\n            <\/div>\n<!-- \/module buttons -->\n        <\/div>\n                        <\/div>\n        <\/div>\n        <\/div>\n<!--\/themify_builder_content-->\n\n\n<p><\/p><!-- AddThis Advanced Settings generic via filter on the_content --><!-- AddThis Share Buttons generic via filter on the_content -->","protected":false},"excerpt":{"rendered":"<p>C\u00e2nd trebuie utilizat\u0103 terapia fobiilor? Modelele bioenergetice dintr-un sistem minte-corp-energie sunt considerate a fi \u00eempletite \u0219i interactive \u00een cadrul sistemului nostru minte-corp-energie, implic\u00e2nd o comunicare complex\u0103 prin procese neurobiologice, electrofiziologie \u00eenn\u0103scut\u0103, con\u0219tiin\u021b\u0103 psihoneuroimunologic\u0103 \u0219i modele cognitiv-comportamentale-emo\u021bionale. Scanarea \u0219i reglarea semnalelor electrice sau a c\u00e2mpurilor energetice cu ED.X \u0219i NUCLEUS recalific\u0103 creierul pentru a ajuta indivizii [&hellip;]<!-- AddThis Advanced Settings generic via filter on get_the_excerpt --><!-- AddThis Share Buttons generic via filter on get_the_excerpt --><\/p>\n","protected":false},"author":1,"featured_media":1038,"parent":38,"menu_order":80,"comment_status":"closed","ping_status":"closed","template":"","meta":{"inline_featured_image":false,"footnotes":""},"class_list":["post-1037","page","type-page","status-publish","has-post-thumbnail","hentry","has-post-title","has-post-date","has-post-category","has-post-tag","has-post-comment","has-post-author",""],"yoast_head":"<!-- This site is optimized with the Yoast SEO plugin v27.4 - https:\/\/yoast.com\/product\/yoast-seo-wordpress\/ -->\n<title>TERAPIA FOBIILOR &#8212; programs for our devices Quantum Medical<\/title>\n<meta name=\"description\" content=\"When should Phobia Therapy be used? Whenever there is an unreasonable fear of something that influences the life of a patient in a bad way.\" \/>\n<meta name=\"robots\" content=\"index, follow, max-snippet:-1, max-image-preview:large, max-video-preview:-1\" \/>\n<link rel=\"canonical\" href=\"https:\/\/ro.quantum-medical.eu\/index.php\/programs-for-the-eductor1-and-nucleus-devices\/phobia-therapy\/\" \/>\n<meta property=\"og:locale\" content=\"en_US\" \/>\n<meta property=\"og:type\" content=\"article\" \/>\n<meta property=\"og:title\" content=\"TERAPIA FOBIILOR &#8212; programs for our devices Quantum Medical\" \/>\n<meta property=\"og:description\" content=\"When should Phobia Therapy be used? Whenever there is an unreasonable fear of something that influences the life of a patient in a bad way.\" \/>\n<meta property=\"og:url\" content=\"https:\/\/ro.quantum-medical.eu\/index.php\/programs-for-the-eductor1-and-nucleus-devices\/phobia-therapy\/\" \/>\n<meta property=\"og:site_name\" content=\"Quantum Medical\" \/>\n<meta property=\"article:publisher\" content=\"https:\/\/www.facebook.com\/QuantumMedEU\" \/>\n<meta property=\"article:modified_time\" content=\"2022-09-27T09:27:20+00:00\" \/>\n<meta property=\"og:image\" content=\"https:\/\/ro.quantum-medical.eu\/wp-content\/uploads\/2021\/03\/image-3.png\" \/>\n\t<meta property=\"og:image:width\" content=\"1312\" \/>\n\t<meta property=\"og:image:height\" content=\"761\" \/>\n\t<meta property=\"og:image:type\" content=\"image\/png\" \/>\n<meta name=\"twitter:card\" content=\"summary_large_image\" \/>\n<meta name=\"twitter:site\" content=\"@QuantumMedEU\" \/>\n<meta name=\"twitter:label1\" content=\"Est. reading time\" \/>\n\t<meta name=\"twitter:data1\" content=\"2 minutes\" \/>\n<script type=\"application\/ld+json\" class=\"yoast-schema-graph\">{\"@context\":\"https:\\\/\\\/schema.org\",\"@graph\":[{\"@type\":\"WebPage\",\"@id\":\"https:\\\/\\\/ro.quantum-medical.eu\\\/index.php\\\/programs-for-the-eductor1-and-nucleus-devices\\\/phobia-therapy\\\/\",\"url\":\"https:\\\/\\\/ro.quantum-medical.eu\\\/index.php\\\/programs-for-the-eductor1-and-nucleus-devices\\\/phobia-therapy\\\/\",\"name\":\"TERAPIA FOBIILOR &#8212; programs for our devices Quantum Medical\",\"isPartOf\":{\"@id\":\"https:\\\/\\\/ro.quantum-medical.eu\\\/#website\"},\"primaryImageOfPage\":{\"@id\":\"https:\\\/\\\/ro.quantum-medical.eu\\\/index.php\\\/programs-for-the-eductor1-and-nucleus-devices\\\/phobia-therapy\\\/#primaryimage\"},\"image\":{\"@id\":\"https:\\\/\\\/ro.quantum-medical.eu\\\/index.php\\\/programs-for-the-eductor1-and-nucleus-devices\\\/phobia-therapy\\\/#primaryimage\"},\"thumbnailUrl\":\"https:\\\/\\\/ro.quantum-medical.eu\\\/wp-content\\\/uploads\\\/2021\\\/03\\\/image-3.png\",\"datePublished\":\"2021-03-22T11:48:43+00:00\",\"dateModified\":\"2022-09-27T09:27:20+00:00\",\"description\":\"When should Phobia Therapy be used? Whenever there is an unreasonable fear of something that influences the life of a patient in a bad way.\",\"breadcrumb\":{\"@id\":\"https:\\\/\\\/ro.quantum-medical.eu\\\/index.php\\\/programs-for-the-eductor1-and-nucleus-devices\\\/phobia-therapy\\\/#breadcrumb\"},\"inLanguage\":\"en-US\",\"potentialAction\":[{\"@type\":\"ReadAction\",\"target\":[\"https:\\\/\\\/ro.quantum-medical.eu\\\/index.php\\\/programs-for-the-eductor1-and-nucleus-devices\\\/phobia-therapy\\\/\"]}]},{\"@type\":\"ImageObject\",\"inLanguage\":\"en-US\",\"@id\":\"https:\\\/\\\/ro.quantum-medical.eu\\\/index.php\\\/programs-for-the-eductor1-and-nucleus-devices\\\/phobia-therapy\\\/#primaryimage\",\"url\":\"https:\\\/\\\/ro.quantum-medical.eu\\\/wp-content\\\/uploads\\\/2021\\\/03\\\/image-3.png\",\"contentUrl\":\"https:\\\/\\\/ro.quantum-medical.eu\\\/wp-content\\\/uploads\\\/2021\\\/03\\\/image-3.png\",\"width\":1312,\"height\":761,\"caption\":\"Phobia Therapy\"},{\"@type\":\"BreadcrumbList\",\"@id\":\"https:\\\/\\\/ro.quantum-medical.eu\\\/index.php\\\/programs-for-the-eductor1-and-nucleus-devices\\\/phobia-therapy\\\/#breadcrumb\",\"itemListElement\":[{\"@type\":\"ListItem\",\"position\":1,\"name\":\"Home\",\"item\":\"https:\\\/\\\/ro.quantum-medical.eu\\\/\"},{\"@type\":\"ListItem\",\"position\":2,\"name\":\"Programs\",\"item\":\"https:\\\/\\\/ro.quantum-medical.eu\\\/index.php\\\/programs-for-the-eductor1-and-nucleus-devices\\\/\"},{\"@type\":\"ListItem\",\"position\":3,\"name\":\"TERAPIA FOBIILOR\"}]},{\"@type\":\"WebSite\",\"@id\":\"https:\\\/\\\/ro.quantum-medical.eu\\\/#website\",\"url\":\"https:\\\/\\\/ro.quantum-medical.eu\\\/\",\"name\":\"Quantum Medical\",\"description\":\"\",\"publisher\":{\"@id\":\"https:\\\/\\\/ro.quantum-medical.eu\\\/#organization\"},\"potentialAction\":[{\"@type\":\"SearchAction\",\"target\":{\"@type\":\"EntryPoint\",\"urlTemplate\":\"https:\\\/\\\/ro.quantum-medical.eu\\\/?s={search_term_string}\"},\"query-input\":{\"@type\":\"PropertyValueSpecification\",\"valueRequired\":true,\"valueName\":\"search_term_string\"}}],\"inLanguage\":\"en-US\"},{\"@type\":\"Organization\",\"@id\":\"https:\\\/\\\/ro.quantum-medical.eu\\\/#organization\",\"name\":\"Quantum Medical SRL\",\"url\":\"https:\\\/\\\/ro.quantum-medical.eu\\\/\",\"logo\":{\"@type\":\"ImageObject\",\"inLanguage\":\"en-US\",\"@id\":\"https:\\\/\\\/ro.quantum-medical.eu\\\/#\\\/schema\\\/logo\\\/image\\\/\",\"url\":\"https:\\\/\\\/ro.quantum-medical.eu\\\/wp-content\\\/uploads\\\/2021\\\/05\\\/Quantum-Medical-logo-1.svg\",\"contentUrl\":\"https:\\\/\\\/ro.quantum-medical.eu\\\/wp-content\\\/uploads\\\/2021\\\/05\\\/Quantum-Medical-logo-1.svg\",\"width\":1,\"height\":1,\"caption\":\"Quantum Medical SRL\"},\"image\":{\"@id\":\"https:\\\/\\\/ro.quantum-medical.eu\\\/#\\\/schema\\\/logo\\\/image\\\/\"},\"sameAs\":[\"https:\\\/\\\/www.facebook.com\\\/QuantumMedEU\",\"https:\\\/\\\/x.com\\\/QuantumMedEU\",\"https:\\\/\\\/www.youtube.com\\\/channel\\\/UCZTJzN8-w3F6DHAt2jh67oA\",\"https:\\\/\\\/www.instagram.com\\\/quantum_medical\\\/\"]}]}<\/script>\n<!-- \/ Yoast SEO plugin. -->","yoast_head_json":{"title":"TERAPIA FOBIILOR &#8212; programs for our devices Quantum Medical","description":"When should Phobia Therapy be used? Whenever there is an unreasonable fear of something that influences the life of a patient in a bad way.","robots":{"index":"index","follow":"follow","max-snippet":"max-snippet:-1","max-image-preview":"max-image-preview:large","max-video-preview":"max-video-preview:-1"},"canonical":"https:\/\/ro.quantum-medical.eu\/index.php\/programs-for-the-eductor1-and-nucleus-devices\/phobia-therapy\/","og_locale":"en_US","og_type":"article","og_title":"TERAPIA FOBIILOR &#8212; programs for our devices Quantum Medical","og_description":"When should Phobia Therapy be used? Whenever there is an unreasonable fear of something that influences the life of a patient in a bad way.","og_url":"https:\/\/ro.quantum-medical.eu\/index.php\/programs-for-the-eductor1-and-nucleus-devices\/phobia-therapy\/","og_site_name":"Quantum Medical","article_publisher":"https:\/\/www.facebook.com\/QuantumMedEU","article_modified_time":"2022-09-27T09:27:20+00:00","og_image":[{"width":1312,"height":761,"url":"https:\/\/ro.quantum-medical.eu\/wp-content\/uploads\/2021\/03\/image-3.png","type":"image\/png"}],"twitter_card":"summary_large_image","twitter_site":"@QuantumMedEU","twitter_misc":{"Est. reading time":"2 minutes"},"schema":{"@context":"https:\/\/schema.org","@graph":[{"@type":"WebPage","@id":"https:\/\/ro.quantum-medical.eu\/index.php\/programs-for-the-eductor1-and-nucleus-devices\/phobia-therapy\/","url":"https:\/\/ro.quantum-medical.eu\/index.php\/programs-for-the-eductor1-and-nucleus-devices\/phobia-therapy\/","name":"TERAPIA FOBIILOR &#8212; programs for our devices Quantum Medical","isPartOf":{"@id":"https:\/\/ro.quantum-medical.eu\/#website"},"primaryImageOfPage":{"@id":"https:\/\/ro.quantum-medical.eu\/index.php\/programs-for-the-eductor1-and-nucleus-devices\/phobia-therapy\/#primaryimage"},"image":{"@id":"https:\/\/ro.quantum-medical.eu\/index.php\/programs-for-the-eductor1-and-nucleus-devices\/phobia-therapy\/#primaryimage"},"thumbnailUrl":"https:\/\/ro.quantum-medical.eu\/wp-content\/uploads\/2021\/03\/image-3.png","datePublished":"2021-03-22T11:48:43+00:00","dateModified":"2022-09-27T09:27:20+00:00","description":"When should Phobia Therapy be used? Whenever there is an unreasonable fear of something that influences the life of a patient in a bad way.","breadcrumb":{"@id":"https:\/\/ro.quantum-medical.eu\/index.php\/programs-for-the-eductor1-and-nucleus-devices\/phobia-therapy\/#breadcrumb"},"inLanguage":"en-US","potentialAction":[{"@type":"ReadAction","target":["https:\/\/ro.quantum-medical.eu\/index.php\/programs-for-the-eductor1-and-nucleus-devices\/phobia-therapy\/"]}]},{"@type":"ImageObject","inLanguage":"en-US","@id":"https:\/\/ro.quantum-medical.eu\/index.php\/programs-for-the-eductor1-and-nucleus-devices\/phobia-therapy\/#primaryimage","url":"https:\/\/ro.quantum-medical.eu\/wp-content\/uploads\/2021\/03\/image-3.png","contentUrl":"https:\/\/ro.quantum-medical.eu\/wp-content\/uploads\/2021\/03\/image-3.png","width":1312,"height":761,"caption":"Phobia Therapy"},{"@type":"BreadcrumbList","@id":"https:\/\/ro.quantum-medical.eu\/index.php\/programs-for-the-eductor1-and-nucleus-devices\/phobia-therapy\/#breadcrumb","itemListElement":[{"@type":"ListItem","position":1,"name":"Home","item":"https:\/\/ro.quantum-medical.eu\/"},{"@type":"ListItem","position":2,"name":"Programs","item":"https:\/\/ro.quantum-medical.eu\/index.php\/programs-for-the-eductor1-and-nucleus-devices\/"},{"@type":"ListItem","position":3,"name":"TERAPIA FOBIILOR"}]},{"@type":"WebSite","@id":"https:\/\/ro.quantum-medical.eu\/#website","url":"https:\/\/ro.quantum-medical.eu\/","name":"Quantum Medical","description":"","publisher":{"@id":"https:\/\/ro.quantum-medical.eu\/#organization"},"potentialAction":[{"@type":"SearchAction","target":{"@type":"EntryPoint","urlTemplate":"https:\/\/ro.quantum-medical.eu\/?s={search_term_string}"},"query-input":{"@type":"PropertyValueSpecification","valueRequired":true,"valueName":"search_term_string"}}],"inLanguage":"en-US"},{"@type":"Organization","@id":"https:\/\/ro.quantum-medical.eu\/#organization","name":"Quantum Medical SRL","url":"https:\/\/ro.quantum-medical.eu\/","logo":{"@type":"ImageObject","inLanguage":"en-US","@id":"https:\/\/ro.quantum-medical.eu\/#\/schema\/logo\/image\/","url":"https:\/\/ro.quantum-medical.eu\/wp-content\/uploads\/2021\/05\/Quantum-Medical-logo-1.svg","contentUrl":"https:\/\/ro.quantum-medical.eu\/wp-content\/uploads\/2021\/05\/Quantum-Medical-logo-1.svg","width":1,"height":1,"caption":"Quantum Medical SRL"},"image":{"@id":"https:\/\/ro.quantum-medical.eu\/#\/schema\/logo\/image\/"},"sameAs":["https:\/\/www.facebook.com\/QuantumMedEU","https:\/\/x.com\/QuantumMedEU","https:\/\/www.youtube.com\/channel\/UCZTJzN8-w3F6DHAt2jh67oA","https:\/\/www.instagram.com\/quantum_medical\/"]}]}},"builder_content":"<a href=\"https:\/\/ro.quantum-medical.eu\/index.php\/contact\/\" > CUMP\u0102R\u0102 ACUM <\/a>","_links":{"self":[{"href":"https:\/\/ro.quantum-medical.eu\/index.php\/wp-json\/wp\/v2\/pages\/1037","targetHints":{"allow":["GET"]}}],"collection":[{"href":"https:\/\/ro.quantum-medical.eu\/index.php\/wp-json\/wp\/v2\/pages"}],"about":[{"href":"https:\/\/ro.quantum-medical.eu\/index.php\/wp-json\/wp\/v2\/types\/page"}],"author":[{"embeddable":true,"href":"https:\/\/ro.quantum-medical.eu\/index.php\/wp-json\/wp\/v2\/users\/1"}],"replies":[{"embeddable":true,"href":"https:\/\/ro.quantum-medical.eu\/index.php\/wp-json\/wp\/v2\/comments?post=1037"}],"version-history":[{"count":15,"href":"https:\/\/ro.quantum-medical.eu\/index.php\/wp-json\/wp\/v2\/pages\/1037\/revisions"}],"predecessor-version":[{"id":3189,"href":"https:\/\/ro.quantum-medical.eu\/index.php\/wp-json\/wp\/v2\/pages\/1037\/revisions\/3189"}],"up":[{"embeddable":true,"href":"https:\/\/ro.quantum-medical.eu\/index.php\/wp-json\/wp\/v2\/pages\/38"}],"wp:featuredmedia":[{"embeddable":true,"href":"https:\/\/ro.quantum-medical.eu\/index.php\/wp-json\/wp\/v2\/media\/1038"}],"wp:attachment":[{"href":"https:\/\/ro.quantum-medical.eu\/index.php\/wp-json\/wp\/v2\/media?parent=1037"}],"curies":[{"name":"wp","href":"https:\/\/api.w.org\/{rel}","templated":true}]}}