{"id":2,"date":"2021-02-26T07:45:18","date_gmt":"2021-02-26T07:45:18","guid":{"rendered":"https:\/\/ro.quantum-medical.eu\/?page_id=2"},"modified":"2022-09-28T07:35:49","modified_gmt":"2022-09-28T07:35:49","slug":"stop-smoking","status":"publish","type":"page","link":"https:\/\/ro.quantum-medical.eu\/index.php\/programs-for-the-eductor1-and-nucleus-devices\/stop-smoking\/","title":{"rendered":"RENUN\u021aA\u021aI LA FUMAT"},"content":{"rendered":"<p>Aplica\u021bia special\u0103 anti-fumat de pe ED.X \u0219i NUCLEUS a fost conceput\u0103 pentru a reduce \u0219i ameliora stresul prin antrenarea undelor cerebrale, pentru cei care doresc s\u0103 renun\u021be la fumat, sprijinind \u00een acela\u0219i timp toate organele \u0219i sistemele pacientului pentru o s\u0103n\u0103tate optim\u0103.<\/p>\n\n\n\n<p>Este cunoscut faptul c\u0103 fumatul poate crea mai multe efecte negative asupra s\u0103n\u0103t\u0103\u021bii dumneavoastr\u0103, cum ar fi un risc crescut de a dezvolta boli grave, cum ar fi cancerul \u0219i bolile de inim\u0103, duc\u00e2nd la o moarte mai timpurie.<\/p>\n\n\n\n<p>\u00cen timp ce aceste riscuri sunt un bun stimulent pentru a opri fumatul, renun\u021barea poate fi dificil\u0103 pentru unii oameni din cauza simptomelor de sevraj. Acestea pot include iritabilitate, dureri de cap \u0219i pofte intense de nicotin\u0103, printre al\u021bi factori de stres serio\u0219i ai corpului.<\/p>\n\n\n\n<p>Renun\u021barea poate fi o provocare, cu toate acestea, cu aplica\u021bia anti-fumat cu ED.X \u0219i NUCLEUS, ve\u021bi vedea beneficiile pentru s\u0103n\u0103tate \u00een doar c\u00e2teva zile.<\/p>\n\n\n\n<p><a>Care sunt avantajele utiliz\u0103rii aplica\u021biei anti-fumat?<\/a><\/p>\n\n\n\n<p><strong>\u00centreruperea ciclului de dependen\u021b\u0103<\/strong>. Renun\u021b\u00e2nd la fumat cu aplica\u021bia anti-fumat, ve\u021bi observa c\u0103, \u00een doar c\u00e2teva zile de la renun\u021bare, mul\u021bi receptori de nicotin\u0103 din creierul dvs. vor reveni la normal, \u00eentrerup\u00e2nd ciclul dependen\u021bei, \u00een timp ce f\u0103r\u0103 ajutorul aplica\u021biei anti-fumat, va dura aproximativ o lun\u0103 de simptome de sevraj.<\/p>\n\n\n\n<p><strong>Apetit \u0219i pofte<\/strong>. \u00cen mod normal, atunci c\u00e2nd renun\u021ba\u021bi la fumat, pofta de m\u00e2ncare \u0219i poftele cresc. Cu aplica\u021bia anti-fumat acest efect secundar al renun\u021b\u0103rii la fumat nu va ap\u0103rea sau va fi mult redus.<\/p>\n\n\n\n<p><strong>Circula\u021bie mai bun\u0103<\/strong>. Circula\u021bia s\u00e2ngelui se \u00eembun\u0103t\u0103\u021be\u0219te \u00een doar c\u00e2teva zile, facilit\u00e2nd mult activitatea fizic\u0103 \u0219i sc\u0103z\u00e2nd riscul de infarct.<\/p>\n\n\n\n<p><strong>Gust \u0219i miros \u00eembun\u0103t\u0103\u021bite<\/strong>. Fumatul afecteaz\u0103 termina\u021biile nervoase din nas \u0219i gur\u0103, \u00eempiedic\u00e2nd sim\u021burile gustului \u0219i mirosului. Termina\u021biile nervoase \u00eencep s\u0103 creasc\u0103 imediat ce \u00eencetezi fumatul \u0219i, cu ajutorul aplica\u021biei anti-fumat, sim\u021bul gustului \u0219i mirosul se \u00eembun\u0103t\u0103\u021besc rapid.<\/p>\n\n\n\n<p><strong>Mai mult\u0103 energie<\/strong>. \u00cempreun\u0103 cu \u00eembun\u0103t\u0103\u021birea respira\u021biei \u0219i a activit\u0103\u021bii fizice, oxigenul crescut din corpul t\u0103u din cauza fumatului \u00ee\u021bi va oferi \u0219i mai mult\u0103 energie. Al\u0103turi, energia electric\u0103 dat\u0103 corpului t\u0103u prin intermediul aplica\u021biei anti-fumat se va tonifica \u0219i te va readuce la un \u201etu\u201d mai tineresc \u0219i uimitor.<\/p>\n\n\n\n<p><strong>Un impuls pentru sistemul imunitar<\/strong>. Renun\u021barea la fumat \u00eembun\u0103t\u0103\u021be\u0219te circula\u021bia, cre\u0219te nivelul de oxigen \u0219i scade inflama\u021biile &#8211; toate acestea dau un impuls sistemului imunitar, astfel \u00eenc\u00e2t este mai u\u0219or s\u0103 combate\u021bi r\u0103celile \u0219i alte boli. \u00cempreun\u0103 cu aplica\u021bia anti-fumat sistemul dvs. imunitar este crescut la un alt nivel.<\/p>\n\n\n\n<p><strong>Din\u021bi \u0219i gur\u0103 mai curate<\/strong>. Fumatul \u00ee\u021bi \u00eeng\u0103lbene\u0219te din\u021bii, provoac\u0103 respira\u021bie ur\u00e2t mirositoare \u0219i cre\u0219te riscul de infec\u021bii orale. \u00cen decurs de o s\u0103pt\u0103m\u00e2n\u0103 de la renun\u021bare, ve\u021bi \u00eencepe s\u0103 vede\u021bi \u0219i s\u0103 sim\u021bi\u021bi o diferen\u021b\u0103 \u00een gur\u0103.<\/p>\n\n\n\n<p><strong>Via\u021b\u0103 sexual\u0103 \u00eembun\u0103t\u0103\u021bit\u0103<\/strong>. Fumatul v\u0103 poate afecta via\u021ba sexual\u0103. Cre\u0219te riscul de disfunc\u021bie erectil\u0103 la b\u0103rba\u021bi \u0219i contribuie la disfunc\u021bia sexual\u0103 feminin\u0103 prin reducerea lubrifierii genitale \u0219i a frecven\u021bei orgasmului. Cu aplica\u021bia anti-fumat \u00eempreun\u0103 cu alte aplica\u021bii aceste disfunc\u021bii hormonale sunt reduse \u0219i \u00eembun\u0103t\u0103\u021bite rapid.<\/p>\n\n\n\n<p><strong>Risc mai mic de cancer<\/strong>. Poate dura c\u00e2\u021biva ani dup\u0103 renun\u021bare, dar v\u0103 ve\u021bi reduce riscul de cancer, cum ar fi: cancer pulmonar, cancer esofagian, cancer renal, cancer vezical, cancer pancreatic. Aplica\u021bia anti-fumat va ajuta la inversarea degener\u0103rii mai repede.<\/p>\n\n\n\n<p>Simptome comune de \u00eentrerupere fizic\u0103, mental\u0103, emo\u021bional\u0103 \u0219i comportamental\u0103 pe care nu le ve\u021bi avea cu aplica\u021bia antifumat<\/p>\n\n\n\n<ul class=\"wp-block-list\"><li>Apetit.<\/li><li>Pofte.<\/li><li>Tuse care dureaz\u0103 s\u0103pt\u0103m\u00e2ni.<\/li><li>Dureri de cap \u0219i ame\u021beli.<\/li><li>Oboseal\u0103 \u0219i insomnie.<\/li><li>Constipa\u021bie.<\/li><li>Anxietate.<\/li><li>Depresie<\/li><li>Iritabilitate.<\/li><li>Cea\u021b\u0103 Mental\u0103<\/li><\/ul>\n\n\n\n<p><strong>Cronologia retragerii nicotinei, foarte provocatoare \u0219i motivul pentru care mul\u021bi oameni nu pot reu\u0219i f\u0103r\u0103 ajutor \u0219i sprijin suplimentar:<\/strong><\/p>\n\n\n\n<p>Iat\u0103 la ce v\u0103 pute\u021bi a\u0219tepta dup\u0103 terminarea \u021big\u0103rii finale:<\/p>\n\n\n\n<ul class=\"wp-block-list\"><li><strong>De la 30 de minute la 4 ore<\/strong>: Efectele nicotinei se vor epuiza \u0219i ve\u021bi \u00eencepe s\u0103 pofti\u021bi o alt\u0103 \u021bigar\u0103.<\/li><li><strong>10 ore:<\/strong> vei fi foarte nelini\u0219tit, vei pofti fizic o \u021bigar\u0103 \u0219i te vei \u00eentreba cum s\u0103 umple timpul. S-ar putea s\u0103 te sim\u021bi trist \u0219i f\u0103r\u0103 speran\u021b\u0103.<\/li><li><strong>24 de ore<\/strong>: iritabilitatea \u00eencepe \u0219i pofta de m\u00e2ncare cre\u0219te.<\/li><li><strong>2 zile<\/strong>: ve\u021bi avea dureri de cap pe m\u0103sur\u0103 ce nicotina va p\u0103r\u0103si sistemul.<\/li><li><strong>3 zile<\/strong>: nicotina ar trebui s\u0103 dispar\u0103 acum. Poftele tale se diminueaz\u0103, dar anxietatea va \u00eencepe s\u0103 creasc\u0103.<\/li><li><strong>1 s\u0103pt\u0103m\u00e2n\u0103<\/strong>: ai reu\u0219it o s\u0103pt\u0103m\u00e2n\u0103. Ai trecut peste cel mai r\u0103u. Evita\u021bi \u00een continuare acele declan\u0219atoare.<\/li><li><strong>2 p\u00e2n\u0103 la 4 s\u0103pt\u0103m\u00e2ni<\/strong>: energie sc\u0103zut\u0103, dar cea\u021ba creierului se va cur\u0103\u021ba \u0219i pofta de m\u00e2ncare se va relaxa. Tusea, depresia \u0219i anxietatea se vor \u00eembun\u0103t\u0103\u021bi, de asemenea.<\/li><li><strong>5 s\u0103pt\u0103m\u00e2ni mai t\u00e2rziu:<\/strong> acum provocarea este s\u0103 p\u0103strezi un joc mental puternic.<\/li><\/ul>\n\n\n\n<p><strong>\u00cen loc de 5 s\u0103pt\u0103m\u00e2ni, toate cele de mai sus sunt u\u0219urate \u00een doar 5 zile cu aplica\u021bia anti-fumat ceea ce face ca renun\u021barea la fumat s\u0103 fie SUCCES.<\/strong><\/p>\n\n\n\n<p><strong><em>*<\/em><\/strong><em>pentru cele mai bune rezultate, protocolul utilizat cu aplica\u021bia anti-fumat este \u00eencetarea complet\u0103 a fumatului cu prima sesiune. Cinci zile continue de sesiuni de tratament zilnice cu aplica\u021biile anti-fumat de dou\u0103 ori pe zi, al\u0103turi de alte programe de tratament, \u00een func\u021bie de fiecare caz unic.<\/em><\/p>\n\n\n\n<p>Programul <strong>RENUN\u021aA\u021aI LA FUMAT<\/strong> este <strong>GRATUIT <\/strong>la achizi\u021bionarea unui dispozitiv<strong> NUCLEUS<\/strong> \u0219i poate fi achizi\u021bionat cu <strong>1000 euro<\/strong> pentru <strong>ED.X.<\/strong> Pentru achizi\u021bionarea acestui modul <a href=\"https:\/\/ro.quantum-medical.eu\/index.php\/contact\/\">contacta\u021bi-ne<\/a>.<\/p>\n\n<!--themify_builder_content-->\n<div id=\"themify_builder_content-2\" data-postid=\"2\" class=\"themify_builder_content themify_builder_content-2 themify_builder tf_clear\">\n                    <div  data-lazy=\"1\" class=\"module_row themify_builder_row tb_bfln486 tb_first tf_w\">\n                        <div class=\"row_inner col_align_top tb_col_count_1 tf_box tf_rel\">\n                        <div  data-lazy=\"1\" class=\"module_column tb-column col-full tb_umx5488 first\">\n                    <!-- module buttons -->\n<div  class=\"module module-buttons tb_eldb489 buttons-horizontal solid  circle buttons-fullwidth hover-wow wow\" data-tf-animation_hover=\"pulse\" data-tf-animation=\"bounce\" data-tf-animation_delay=\"1\" data-lazy=\"1\">\n        <div class=\"module-buttons-item tf_in_flx\">\n                        <a href=\"https:\/\/ro.quantum-medical.eu\/index.php\/contact\/\" class=\"ui builder_button tf_in_flx black\" >\n                                                CUMP\u0102R\u0102 ACUM                                        <\/a>\n                <\/div>\n            <\/div>\n<!-- \/module buttons -->\n        <\/div>\n                        <\/div>\n        <\/div>\n        <\/div>\n<!--\/themify_builder_content-->\n\n\n<p><\/p><!-- AddThis Advanced Settings generic via filter on the_content --><!-- AddThis Share Buttons generic via filter on the_content -->","protected":false},"excerpt":{"rendered":"<p>Aplica\u021bia special\u0103 anti-fumat de pe ED.X \u0219i NUCLEUS a fost conceput\u0103 pentru a reduce \u0219i ameliora stresul prin antrenarea undelor cerebrale, pentru cei care doresc s\u0103 renun\u021be la fumat, sprijinind \u00een acela\u0219i timp toate organele \u0219i sistemele pacientului pentru o s\u0103n\u0103tate optim\u0103. Este cunoscut faptul c\u0103 fumatul poate crea mai multe efecte negative asupra s\u0103n\u0103t\u0103\u021bii [&hellip;]<!-- AddThis Advanced Settings generic via filter on get_the_excerpt --><!-- AddThis Share Buttons generic via filter on get_the_excerpt --><\/p>\n","protected":false},"author":1,"featured_media":1033,"parent":38,"menu_order":100,"comment_status":"closed","ping_status":"closed","template":"","meta":{"inline_featured_image":false,"footnotes":""},"class_list":["post-2","page","type-page","status-publish","has-post-thumbnail","hentry","has-post-title","has-post-date","has-post-category","has-post-tag","has-post-comment","has-post-author",""],"yoast_head":"<!-- This site is optimized with the Yoast SEO plugin v27.4 - https:\/\/yoast.com\/product\/yoast-seo-wordpress\/ -->\n<title>RENUN\u021aA\u021aI LA FUMAT &#8212; programs for our devices Quantum Medical<\/title>\n<meta name=\"description\" content=\"The special Stop Smoking application on the ED.X and NUCLEUS has been designed to reduce the stress through brain wave training\" \/>\n<meta name=\"robots\" content=\"index, follow, max-snippet:-1, max-image-preview:large, max-video-preview:-1\" \/>\n<link rel=\"canonical\" href=\"https:\/\/ro.quantum-medical.eu\/index.php\/programs-for-the-eductor1-and-nucleus-devices\/stop-smoking\/\" \/>\n<meta property=\"og:locale\" content=\"en_US\" \/>\n<meta property=\"og:type\" content=\"article\" \/>\n<meta property=\"og:title\" content=\"RENUN\u021aA\u021aI LA FUMAT &#8212; programs for our devices Quantum Medical\" \/>\n<meta property=\"og:description\" content=\"The special Stop Smoking application on the ED.X and NUCLEUS has been designed to reduce the stress through brain wave training\" \/>\n<meta property=\"og:url\" content=\"https:\/\/ro.quantum-medical.eu\/index.php\/programs-for-the-eductor1-and-nucleus-devices\/stop-smoking\/\" \/>\n<meta property=\"og:site_name\" content=\"Quantum Medical\" \/>\n<meta property=\"article:publisher\" content=\"https:\/\/www.facebook.com\/QuantumMedEU\" \/>\n<meta property=\"article:modified_time\" content=\"2022-09-28T07:35:49+00:00\" \/>\n<meta property=\"og:image\" content=\"https:\/\/ro.quantum-medical.eu\/wp-content\/uploads\/2021\/03\/image-2.png\" \/>\n\t<meta property=\"og:image:width\" content=\"766\" \/>\n\t<meta property=\"og:image:height\" content=\"693\" \/>\n\t<meta property=\"og:image:type\" content=\"image\/png\" \/>\n<meta name=\"twitter:card\" content=\"summary_large_image\" \/>\n<meta name=\"twitter:site\" content=\"@QuantumMedEU\" \/>\n<meta name=\"twitter:label1\" content=\"Est. reading time\" \/>\n\t<meta name=\"twitter:data1\" content=\"4 minutes\" \/>\n<script type=\"application\/ld+json\" class=\"yoast-schema-graph\">{\"@context\":\"https:\\\/\\\/schema.org\",\"@graph\":[{\"@type\":\"WebPage\",\"@id\":\"https:\\\/\\\/ro.quantum-medical.eu\\\/index.php\\\/programs-for-the-eductor1-and-nucleus-devices\\\/stop-smoking\\\/\",\"url\":\"https:\\\/\\\/ro.quantum-medical.eu\\\/index.php\\\/programs-for-the-eductor1-and-nucleus-devices\\\/stop-smoking\\\/\",\"name\":\"RENUN\u021aA\u021aI LA FUMAT &#8212; programs for our devices Quantum Medical\",\"isPartOf\":{\"@id\":\"https:\\\/\\\/ro.quantum-medical.eu\\\/#website\"},\"primaryImageOfPage\":{\"@id\":\"https:\\\/\\\/ro.quantum-medical.eu\\\/index.php\\\/programs-for-the-eductor1-and-nucleus-devices\\\/stop-smoking\\\/#primaryimage\"},\"image\":{\"@id\":\"https:\\\/\\\/ro.quantum-medical.eu\\\/index.php\\\/programs-for-the-eductor1-and-nucleus-devices\\\/stop-smoking\\\/#primaryimage\"},\"thumbnailUrl\":\"https:\\\/\\\/ro.quantum-medical.eu\\\/wp-content\\\/uploads\\\/2021\\\/03\\\/image-2.png\",\"datePublished\":\"2021-02-26T07:45:18+00:00\",\"dateModified\":\"2022-09-28T07:35:49+00:00\",\"description\":\"The special Stop Smoking application on the ED.X and NUCLEUS has been designed to reduce the stress through brain wave training\",\"breadcrumb\":{\"@id\":\"https:\\\/\\\/ro.quantum-medical.eu\\\/index.php\\\/programs-for-the-eductor1-and-nucleus-devices\\\/stop-smoking\\\/#breadcrumb\"},\"inLanguage\":\"en-US\",\"potentialAction\":[{\"@type\":\"ReadAction\",\"target\":[\"https:\\\/\\\/ro.quantum-medical.eu\\\/index.php\\\/programs-for-the-eductor1-and-nucleus-devices\\\/stop-smoking\\\/\"]}]},{\"@type\":\"ImageObject\",\"inLanguage\":\"en-US\",\"@id\":\"https:\\\/\\\/ro.quantum-medical.eu\\\/index.php\\\/programs-for-the-eductor1-and-nucleus-devices\\\/stop-smoking\\\/#primaryimage\",\"url\":\"https:\\\/\\\/ro.quantum-medical.eu\\\/wp-content\\\/uploads\\\/2021\\\/03\\\/image-2.png\",\"contentUrl\":\"https:\\\/\\\/ro.quantum-medical.eu\\\/wp-content\\\/uploads\\\/2021\\\/03\\\/image-2.png\",\"width\":766,\"height\":693,\"caption\":\"Stop Smoking\"},{\"@type\":\"BreadcrumbList\",\"@id\":\"https:\\\/\\\/ro.quantum-medical.eu\\\/index.php\\\/programs-for-the-eductor1-and-nucleus-devices\\\/stop-smoking\\\/#breadcrumb\",\"itemListElement\":[{\"@type\":\"ListItem\",\"position\":1,\"name\":\"Home\",\"item\":\"https:\\\/\\\/ro.quantum-medical.eu\\\/\"},{\"@type\":\"ListItem\",\"position\":2,\"name\":\"Programs\",\"item\":\"https:\\\/\\\/ro.quantum-medical.eu\\\/index.php\\\/programs-for-the-eductor1-and-nucleus-devices\\\/\"},{\"@type\":\"ListItem\",\"position\":3,\"name\":\"RENUN\u021aA\u021aI LA FUMAT\"}]},{\"@type\":\"WebSite\",\"@id\":\"https:\\\/\\\/ro.quantum-medical.eu\\\/#website\",\"url\":\"https:\\\/\\\/ro.quantum-medical.eu\\\/\",\"name\":\"Quantum Medical\",\"description\":\"\",\"publisher\":{\"@id\":\"https:\\\/\\\/ro.quantum-medical.eu\\\/#organization\"},\"potentialAction\":[{\"@type\":\"SearchAction\",\"target\":{\"@type\":\"EntryPoint\",\"urlTemplate\":\"https:\\\/\\\/ro.quantum-medical.eu\\\/?s={search_term_string}\"},\"query-input\":{\"@type\":\"PropertyValueSpecification\",\"valueRequired\":true,\"valueName\":\"search_term_string\"}}],\"inLanguage\":\"en-US\"},{\"@type\":\"Organization\",\"@id\":\"https:\\\/\\\/ro.quantum-medical.eu\\\/#organization\",\"name\":\"Quantum Medical SRL\",\"url\":\"https:\\\/\\\/ro.quantum-medical.eu\\\/\",\"logo\":{\"@type\":\"ImageObject\",\"inLanguage\":\"en-US\",\"@id\":\"https:\\\/\\\/ro.quantum-medical.eu\\\/#\\\/schema\\\/logo\\\/image\\\/\",\"url\":\"https:\\\/\\\/ro.quantum-medical.eu\\\/wp-content\\\/uploads\\\/2021\\\/05\\\/Quantum-Medical-logo-1.svg\",\"contentUrl\":\"https:\\\/\\\/ro.quantum-medical.eu\\\/wp-content\\\/uploads\\\/2021\\\/05\\\/Quantum-Medical-logo-1.svg\",\"width\":1,\"height\":1,\"caption\":\"Quantum Medical SRL\"},\"image\":{\"@id\":\"https:\\\/\\\/ro.quantum-medical.eu\\\/#\\\/schema\\\/logo\\\/image\\\/\"},\"sameAs\":[\"https:\\\/\\\/www.facebook.com\\\/QuantumMedEU\",\"https:\\\/\\\/x.com\\\/QuantumMedEU\",\"https:\\\/\\\/www.youtube.com\\\/channel\\\/UCZTJzN8-w3F6DHAt2jh67oA\",\"https:\\\/\\\/www.instagram.com\\\/quantum_medical\\\/\"]}]}<\/script>\n<!-- \/ Yoast SEO plugin. -->","yoast_head_json":{"title":"RENUN\u021aA\u021aI LA FUMAT &#8212; programs for our devices Quantum Medical","description":"The special Stop Smoking application on the ED.X and NUCLEUS has been designed to reduce the stress through brain wave training","robots":{"index":"index","follow":"follow","max-snippet":"max-snippet:-1","max-image-preview":"max-image-preview:large","max-video-preview":"max-video-preview:-1"},"canonical":"https:\/\/ro.quantum-medical.eu\/index.php\/programs-for-the-eductor1-and-nucleus-devices\/stop-smoking\/","og_locale":"en_US","og_type":"article","og_title":"RENUN\u021aA\u021aI LA FUMAT &#8212; programs for our devices Quantum Medical","og_description":"The special Stop Smoking application on the ED.X and NUCLEUS has been designed to reduce the stress through brain wave training","og_url":"https:\/\/ro.quantum-medical.eu\/index.php\/programs-for-the-eductor1-and-nucleus-devices\/stop-smoking\/","og_site_name":"Quantum Medical","article_publisher":"https:\/\/www.facebook.com\/QuantumMedEU","article_modified_time":"2022-09-28T07:35:49+00:00","og_image":[{"width":766,"height":693,"url":"https:\/\/ro.quantum-medical.eu\/wp-content\/uploads\/2021\/03\/image-2.png","type":"image\/png"}],"twitter_card":"summary_large_image","twitter_site":"@QuantumMedEU","twitter_misc":{"Est. reading time":"4 minutes"},"schema":{"@context":"https:\/\/schema.org","@graph":[{"@type":"WebPage","@id":"https:\/\/ro.quantum-medical.eu\/index.php\/programs-for-the-eductor1-and-nucleus-devices\/stop-smoking\/","url":"https:\/\/ro.quantum-medical.eu\/index.php\/programs-for-the-eductor1-and-nucleus-devices\/stop-smoking\/","name":"RENUN\u021aA\u021aI LA FUMAT &#8212; programs for our devices Quantum Medical","isPartOf":{"@id":"https:\/\/ro.quantum-medical.eu\/#website"},"primaryImageOfPage":{"@id":"https:\/\/ro.quantum-medical.eu\/index.php\/programs-for-the-eductor1-and-nucleus-devices\/stop-smoking\/#primaryimage"},"image":{"@id":"https:\/\/ro.quantum-medical.eu\/index.php\/programs-for-the-eductor1-and-nucleus-devices\/stop-smoking\/#primaryimage"},"thumbnailUrl":"https:\/\/ro.quantum-medical.eu\/wp-content\/uploads\/2021\/03\/image-2.png","datePublished":"2021-02-26T07:45:18+00:00","dateModified":"2022-09-28T07:35:49+00:00","description":"The special Stop Smoking application on the ED.X and NUCLEUS has been designed to reduce the stress through brain wave training","breadcrumb":{"@id":"https:\/\/ro.quantum-medical.eu\/index.php\/programs-for-the-eductor1-and-nucleus-devices\/stop-smoking\/#breadcrumb"},"inLanguage":"en-US","potentialAction":[{"@type":"ReadAction","target":["https:\/\/ro.quantum-medical.eu\/index.php\/programs-for-the-eductor1-and-nucleus-devices\/stop-smoking\/"]}]},{"@type":"ImageObject","inLanguage":"en-US","@id":"https:\/\/ro.quantum-medical.eu\/index.php\/programs-for-the-eductor1-and-nucleus-devices\/stop-smoking\/#primaryimage","url":"https:\/\/ro.quantum-medical.eu\/wp-content\/uploads\/2021\/03\/image-2.png","contentUrl":"https:\/\/ro.quantum-medical.eu\/wp-content\/uploads\/2021\/03\/image-2.png","width":766,"height":693,"caption":"Stop Smoking"},{"@type":"BreadcrumbList","@id":"https:\/\/ro.quantum-medical.eu\/index.php\/programs-for-the-eductor1-and-nucleus-devices\/stop-smoking\/#breadcrumb","itemListElement":[{"@type":"ListItem","position":1,"name":"Home","item":"https:\/\/ro.quantum-medical.eu\/"},{"@type":"ListItem","position":2,"name":"Programs","item":"https:\/\/ro.quantum-medical.eu\/index.php\/programs-for-the-eductor1-and-nucleus-devices\/"},{"@type":"ListItem","position":3,"name":"RENUN\u021aA\u021aI LA FUMAT"}]},{"@type":"WebSite","@id":"https:\/\/ro.quantum-medical.eu\/#website","url":"https:\/\/ro.quantum-medical.eu\/","name":"Quantum Medical","description":"","publisher":{"@id":"https:\/\/ro.quantum-medical.eu\/#organization"},"potentialAction":[{"@type":"SearchAction","target":{"@type":"EntryPoint","urlTemplate":"https:\/\/ro.quantum-medical.eu\/?s={search_term_string}"},"query-input":{"@type":"PropertyValueSpecification","valueRequired":true,"valueName":"search_term_string"}}],"inLanguage":"en-US"},{"@type":"Organization","@id":"https:\/\/ro.quantum-medical.eu\/#organization","name":"Quantum Medical SRL","url":"https:\/\/ro.quantum-medical.eu\/","logo":{"@type":"ImageObject","inLanguage":"en-US","@id":"https:\/\/ro.quantum-medical.eu\/#\/schema\/logo\/image\/","url":"https:\/\/ro.quantum-medical.eu\/wp-content\/uploads\/2021\/05\/Quantum-Medical-logo-1.svg","contentUrl":"https:\/\/ro.quantum-medical.eu\/wp-content\/uploads\/2021\/05\/Quantum-Medical-logo-1.svg","width":1,"height":1,"caption":"Quantum Medical SRL"},"image":{"@id":"https:\/\/ro.quantum-medical.eu\/#\/schema\/logo\/image\/"},"sameAs":["https:\/\/www.facebook.com\/QuantumMedEU","https:\/\/x.com\/QuantumMedEU","https:\/\/www.youtube.com\/channel\/UCZTJzN8-w3F6DHAt2jh67oA","https:\/\/www.instagram.com\/quantum_medical\/"]}]}},"builder_content":"<a href=\"https:\/\/ro.quantum-medical.eu\/index.php\/contact\/\" > CUMP\u0102R\u0102 ACUM <\/a>","_links":{"self":[{"href":"https:\/\/ro.quantum-medical.eu\/index.php\/wp-json\/wp\/v2\/pages\/2","targetHints":{"allow":["GET"]}}],"collection":[{"href":"https:\/\/ro.quantum-medical.eu\/index.php\/wp-json\/wp\/v2\/pages"}],"about":[{"href":"https:\/\/ro.quantum-medical.eu\/index.php\/wp-json\/wp\/v2\/types\/page"}],"author":[{"embeddable":true,"href":"https:\/\/ro.quantum-medical.eu\/index.php\/wp-json\/wp\/v2\/users\/1"}],"replies":[{"embeddable":true,"href":"https:\/\/ro.quantum-medical.eu\/index.php\/wp-json\/wp\/v2\/comments?post=2"}],"version-history":[{"count":26,"href":"https:\/\/ro.quantum-medical.eu\/index.php\/wp-json\/wp\/v2\/pages\/2\/revisions"}],"predecessor-version":[{"id":3199,"href":"https:\/\/ro.quantum-medical.eu\/index.php\/wp-json\/wp\/v2\/pages\/2\/revisions\/3199"}],"up":[{"embeddable":true,"href":"https:\/\/ro.quantum-medical.eu\/index.php\/wp-json\/wp\/v2\/pages\/38"}],"wp:featuredmedia":[{"embeddable":true,"href":"https:\/\/ro.quantum-medical.eu\/index.php\/wp-json\/wp\/v2\/media\/1033"}],"wp:attachment":[{"href":"https:\/\/ro.quantum-medical.eu\/index.php\/wp-json\/wp\/v2\/media?parent=2"}],"curies":[{"name":"wp","href":"https:\/\/api.w.org\/{rel}","templated":true}]}}